
{"id":202,"date":"2018-03-01T00:12:09","date_gmt":"2018-02-28T23:12:09","guid":{"rendered":"http:\/\/ldf.mendelu.cz\/testhardis\/?page_id=202"},"modified":"2018-06-11T21:22:34","modified_gmt":"2018-06-11T19:22:34","slug":"cutting-force","status":"publish","type":"page","link":"https:\/\/hardis.org\/?page_id=202","title":{"rendered":"Anal\u00fdza \u0159ezn\u00e9 s\u00edly"},"content":{"rendered":"<p>Pro anal\u00fdzu \u0159ezn\u00e9 s\u00edly byla pou\u017eita <a href=\"https:\/\/www.tandfonline.com\/doi\/abs\/10.1080\/10910344.2017.1284563?journalCode=lmst20&amp;\">nov\u00e1 korek\u010dn\u00ed metoda<\/a>, \u010d\u00edm\u017e je mo\u017eno vylou\u010dit vliv samotn\u00e9 testovac\u00ed sestavy. C\u00edlem m\u011b\u0159en\u00ed \u0159ezn\u00e9 s\u00edly je z\u00edskat co nejv\u00edce nam\u011b\u0159en\u00fdch hodnot z jedin\u00e9ho \u0159ezu.<a href=\"https:\/\/hardis.org\/wp-content\/uploads\/2018\/04\/test-set-up.gif\"><img loading=\"lazy\" decoding=\"async\" class=\"size-full wp-image-302 aligncenter\" src=\"https:\/\/hardis.org\/wp-content\/uploads\/2018\/04\/test-set-up.gif\" alt=\"\" width=\"470\" height=\"764\" \/><\/a><\/p>\n","protected":false},"excerpt":{"rendered":"<p>Pro anal\u00fdzu \u0159ezn\u00e9 s\u00edly byla pou\u017eita nov\u00e1 korek\u010dn\u00ed metoda, \u010d\u00edm\u017e je mo\u017eno vylou\u010dit vliv samotn\u00e9 testovac\u00ed sestavy. C\u00edlem m\u011b\u0159en\u00ed \u0159ezn\u00e9 s\u00edly je z\u00edskat co nejv\u00edce nam\u011b\u0159en\u00fdch hodnot z jedin\u00e9ho \u0159ezu.<\/p>\n","protected":false},"author":4,"featured_media":0,"parent":0,"menu_order":0,"comment_status":"closed","ping_status":"closed","template":"","meta":{"footnotes":""},"class_list":["post-202","page","type-page","status-publish","hentry"],"_links":{"self":[{"href":"https:\/\/hardis.org\/index.php?rest_route=\/wp\/v2\/pages\/202","targetHints":{"allow":["GET"]}}],"collection":[{"href":"https:\/\/hardis.org\/index.php?rest_route=\/wp\/v2\/pages"}],"about":[{"href":"https:\/\/hardis.org\/index.php?rest_route=\/wp\/v2\/types\/page"}],"author":[{"embeddable":true,"href":"https:\/\/hardis.org\/index.php?rest_route=\/wp\/v2\/users\/4"}],"replies":[{"embeddable":true,"href":"https:\/\/hardis.org\/index.php?rest_route=%2Fwp%2Fv2%2Fcomments&post=202"}],"version-history":[{"count":11,"href":"https:\/\/hardis.org\/index.php?rest_route=\/wp\/v2\/pages\/202\/revisions"}],"predecessor-version":[{"id":358,"href":"https:\/\/hardis.org\/index.php?rest_route=\/wp\/v2\/pages\/202\/revisions\/358"}],"wp:attachment":[{"href":"https:\/\/hardis.org\/index.php?rest_route=%2Fwp%2Fv2%2Fmedia&parent=202"}],"curies":[{"name":"wp","href":"https:\/\/api.w.org\/{rel}","templated":true}]}}