
{"id":199,"date":"2018-03-01T00:11:57","date_gmt":"2018-02-28T23:11:57","guid":{"rendered":"http:\/\/ldf.mendelu.cz\/testhardis\/?page_id=199"},"modified":"2020-10-16T18:46:31","modified_gmt":"2020-10-16T16:46:31","slug":"test-setup","status":"publish","type":"page","link":"https:\/\/hardis.org\/?page_id=199","title":{"rendered":"Testovac\u00ed sestava"},"content":{"rendered":"<p>Testovac\u00ed sestava byla vyvinuta spole\u010dnost\u00ed Wood K plus (Tulln). Nastaven\u00ed umo\u017e\u0148uje sou\u010dasn\u011b prov\u011b\u0159ovat \u0159ezn\u00e9 s\u00edly a deformace line\u00e1rn\u00edch \u0159ezn\u00fdch proces\u016f p\u0159i \u0159ezn\u00fdch rychlostech do 100 m \/ s. Proto je &#8222;n\u00e1stroj&#8220; (jedin\u00fd n\u016f\u017e) instalov\u00e1n na t\u0159\u00edrozm\u011brn\u00e9m senzoru s\u00edly, kter\u00fd je upevn\u011bn na stole stroje. Vzorek, kter\u00fd je namontov\u00e1n na rotuj\u00edc\u00edm rameni, pak proch\u00e1z\u00ed no\u017eem, kde prob\u00edh\u00e1 \u0159ez\u00e1n\u00ed. Proces je sou\u010dasn\u011b zaznamen\u00e1v\u00e1n pomoc\u00ed piezoelektrick\u00e9ho sn\u00edma\u010de s\u00edly a vysokorychlostn\u00edch kamer. T\u00edm jsou analyzov\u00e1ny \u0159ezn\u00e9 s\u00edly p\u016fsob\u00edc\u00ed na n\u016f\u017e a deformace uvnit\u0159 obrobku.<\/p>\n<div id=\"attachment_398\" style=\"width: 850px\" class=\"wp-caption aligncenter\"><a href=\"https:\/\/hardis.org\/wp-content\/uploads\/2020\/01\/Figure_1.jpg\"><img loading=\"lazy\" decoding=\"async\" aria-describedby=\"caption-attachment-398\" class=\"size-large wp-image-398\" src=\"https:\/\/hardis.org\/wp-content\/uploads\/2020\/01\/Figure_1-1024x770.jpg\" alt=\"Vyvinut\u00e9 me\u0159ic\u00ed za\u0159\u00edzen\u00ed umo\u017e\u0148uj\u00edc\u00ed testov\u00e1n\u00ed p\u0159\u00edmo\u010dar\u00e9ho \u0159ezn\u00e9ho procesu d\u0159eva\" width=\"840\" height=\"632\" srcset=\"https:\/\/hardis.org\/wp-content\/uploads\/2020\/01\/Figure_1-1024x770.jpg 1024w, https:\/\/hardis.org\/wp-content\/uploads\/2020\/01\/Figure_1-300x225.jpg 300w, https:\/\/hardis.org\/wp-content\/uploads\/2020\/01\/Figure_1-768x577.jpg 768w, https:\/\/hardis.org\/wp-content\/uploads\/2020\/01\/Figure_1-1170x879.jpg 1170w\" sizes=\"auto, (max-width: 840px) 100vw, 840px\" \/><\/a><p id=\"caption-attachment-398\" class=\"wp-caption-text\">Vyvinut\u00e9 me\u0159ic\u00ed za\u0159\u00edzen\u00ed umo\u017e\u0148uj\u00edc\u00ed testov\u00e1n\u00ed p\u0159\u00edmo\u010dar\u00e9ho \u0159ezn\u00e9ho procesu d\u0159eva<\/p><\/div>\n<div id=\"attachment_399\" style=\"width: 850px\" class=\"wp-caption aligncenter\"><a href=\"https:\/\/hardis.org\/wp-content\/uploads\/2020\/01\/Figure_2.jpg\"><img loading=\"lazy\" decoding=\"async\" aria-describedby=\"caption-attachment-399\" class=\"size-large wp-image-399\" src=\"https:\/\/hardis.org\/wp-content\/uploads\/2020\/01\/Figure_2-1024x682.jpg\" alt=\"Detail oblasti za\u0159\u00edzen\u00ed, kde prob\u00edh\u00e1 testov\u00e1n\u00ed\" width=\"840\" height=\"559\" srcset=\"https:\/\/hardis.org\/wp-content\/uploads\/2020\/01\/Figure_2-1024x682.jpg 1024w, https:\/\/hardis.org\/wp-content\/uploads\/2020\/01\/Figure_2-300x200.jpg 300w, https:\/\/hardis.org\/wp-content\/uploads\/2020\/01\/Figure_2-768x511.jpg 768w, https:\/\/hardis.org\/wp-content\/uploads\/2020\/01\/Figure_2-1170x779.jpg 1170w\" sizes=\"auto, (max-width: 840px) 100vw, 840px\" \/><\/a><p id=\"caption-attachment-399\" class=\"wp-caption-text\">Detail oblasti za\u0159\u00edzen\u00ed, kde prob\u00edh\u00e1 testov\u00e1n\u00ed<\/p><\/div>\n<div id=\"attachment_400\" style=\"width: 850px\" class=\"wp-caption aligncenter\"><a href=\"https:\/\/hardis.org\/wp-content\/uploads\/2020\/01\/Figure_3.jpg\"><img loading=\"lazy\" decoding=\"async\" aria-describedby=\"caption-attachment-400\" class=\"size-large wp-image-400\" src=\"https:\/\/hardis.org\/wp-content\/uploads\/2020\/01\/Figure_3-1024x534.jpg\" alt=\"Dr\u017e\u00e1k vzorku se vzorkem d\u0159eva upnut\u00fdm mezi dva PUR bloky\" width=\"840\" height=\"438\" srcset=\"https:\/\/hardis.org\/wp-content\/uploads\/2020\/01\/Figure_3-1024x534.jpg 1024w, https:\/\/hardis.org\/wp-content\/uploads\/2020\/01\/Figure_3-300x157.jpg 300w, https:\/\/hardis.org\/wp-content\/uploads\/2020\/01\/Figure_3-768x401.jpg 768w, https:\/\/hardis.org\/wp-content\/uploads\/2020\/01\/Figure_3-1170x611.jpg 1170w\" sizes=\"auto, (max-width: 840px) 100vw, 840px\" \/><\/a><p id=\"caption-attachment-400\" class=\"wp-caption-text\">Dr\u017e\u00e1k vzorku se vzorkem d\u0159eva upnut\u00fdm mezi dva PUR bloky<\/p><\/div>\n<div id=\"attachment_422\" style=\"width: 850px\" class=\"wp-caption aligncenter\"><a href=\"https:\/\/hardis.org\/wp-content\/uploads\/2020\/10\/Target_control_03.png\"><img loading=\"lazy\" decoding=\"async\" aria-describedby=\"caption-attachment-422\" class=\"size-large wp-image-422\" src=\"https:\/\/hardis.org\/wp-content\/uploads\/2020\/10\/Target_control_03-1024x554.png\" alt=\"\u0158\u00edd\u00edc\u00ed program za\u0159\u00edzen\u00ed HARDIS II\" width=\"840\" height=\"454\" srcset=\"https:\/\/hardis.org\/wp-content\/uploads\/2020\/10\/Target_control_03-1024x554.png 1024w, https:\/\/hardis.org\/wp-content\/uploads\/2020\/10\/Target_control_03-300x162.png 300w, https:\/\/hardis.org\/wp-content\/uploads\/2020\/10\/Target_control_03-768x415.png 768w, https:\/\/hardis.org\/wp-content\/uploads\/2020\/10\/Target_control_03-1170x633.png 1170w, https:\/\/hardis.org\/wp-content\/uploads\/2020\/10\/Target_control_03.png 1918w\" sizes=\"auto, (max-width: 840px) 100vw, 840px\" \/><\/a><p id=\"caption-attachment-422\" class=\"wp-caption-text\">\u0158\u00edd\u00edc\u00ed program za\u0159\u00edzen\u00ed HARDIS II<\/p><\/div>\n<div id=\"attachment_421\" style=\"width: 850px\" class=\"wp-caption aligncenter\"><a href=\"https:\/\/hardis.org\/wp-content\/uploads\/2020\/10\/Host_control_1.png\"><img loading=\"lazy\" decoding=\"async\" aria-describedby=\"caption-attachment-421\" class=\"size-large wp-image-421\" src=\"https:\/\/hardis.org\/wp-content\/uploads\/2020\/10\/Host_control_1-1024x555.png\" alt=\"\" width=\"840\" height=\"455\" srcset=\"https:\/\/hardis.org\/wp-content\/uploads\/2020\/10\/Host_control_1-1024x555.png 1024w, https:\/\/hardis.org\/wp-content\/uploads\/2020\/10\/Host_control_1-300x163.png 300w, https:\/\/hardis.org\/wp-content\/uploads\/2020\/10\/Host_control_1-768x416.png 768w, https:\/\/hardis.org\/wp-content\/uploads\/2020\/10\/Host_control_1-1170x634.png 1170w, https:\/\/hardis.org\/wp-content\/uploads\/2020\/10\/Host_control_1.png 1916w\" sizes=\"auto, (max-width: 840px) 100vw, 840px\" \/><\/a><p id=\"caption-attachment-421\" class=\"wp-caption-text\">\u0158\u00edd\u00edc\u00ed program za\u0159\u00edzen\u00ed HARDIS I<\/p><\/div>\n<div id=\"attachment_418\" style=\"width: 850px\" class=\"wp-caption aligncenter\"><a href=\"https:\/\/hardis.org\/wp-content\/uploads\/2020\/10\/DSC_4335.jpg\"><img loading=\"lazy\" decoding=\"async\" aria-describedby=\"caption-attachment-418\" class=\"size-large wp-image-418\" src=\"https:\/\/hardis.org\/wp-content\/uploads\/2020\/10\/DSC_4335-1024x681.jpg\" alt=\"Vysokorychlostn\u00ed kamery I\" width=\"840\" height=\"559\" srcset=\"https:\/\/hardis.org\/wp-content\/uploads\/2020\/10\/DSC_4335-1024x681.jpg 1024w, https:\/\/hardis.org\/wp-content\/uploads\/2020\/10\/DSC_4335-300x199.jpg 300w, https:\/\/hardis.org\/wp-content\/uploads\/2020\/10\/DSC_4335-768x511.jpg 768w, https:\/\/hardis.org\/wp-content\/uploads\/2020\/10\/DSC_4335-1170x778.jpg 1170w\" sizes=\"auto, (max-width: 840px) 100vw, 840px\" \/><\/a><p id=\"caption-attachment-418\" class=\"wp-caption-text\">Vysokorychlostn\u00ed kamery I<\/p><\/div>\n<div id=\"attachment_417\" style=\"width: 850px\" class=\"wp-caption aligncenter\"><a href=\"https:\/\/hardis.org\/wp-content\/uploads\/2020\/10\/DSC_0187.jpg\"><img loading=\"lazy\" decoding=\"async\" aria-describedby=\"caption-attachment-417\" class=\"wp-image-417 size-large\" src=\"https:\/\/hardis.org\/wp-content\/uploads\/2020\/10\/DSC_0187-1024x683.jpg\" alt=\"Zesilova\u010d a z\u00e1znamov\u00e9 za\u0159\u00edzen\u00ed pro sensor s\u00edly\" width=\"840\" height=\"560\" srcset=\"https:\/\/hardis.org\/wp-content\/uploads\/2020\/10\/DSC_0187-1024x683.jpg 1024w, https:\/\/hardis.org\/wp-content\/uploads\/2020\/10\/DSC_0187-300x200.jpg 300w, https:\/\/hardis.org\/wp-content\/uploads\/2020\/10\/DSC_0187-768x512.jpg 768w, https:\/\/hardis.org\/wp-content\/uploads\/2020\/10\/DSC_0187-1170x780.jpg 1170w\" sizes=\"auto, (max-width: 840px) 100vw, 840px\" \/><\/a><p id=\"caption-attachment-417\" class=\"wp-caption-text\">Zesilova\u010d a z\u00e1znamov\u00e9 za\u0159\u00edzen\u00ed pro sensor s\u00edly<\/p><\/div>\n<h3>Partner pro m\u011b\u0159ic\u00ed techniku<\/h3>\n<p><a href=\"https:\/\/www.waycon.de\/\"><img loading=\"lazy\" decoding=\"async\" class=\"alignnone size-full wp-image-374\" src=\"https:\/\/hardis.org\/wp-content\/uploads\/2019\/03\/WayCon-logo-e1552579658330.png\" alt=\"\" width=\"200\" height=\"35\" \/><\/a><\/p>\n","protected":false},"excerpt":{"rendered":"<p>Testovac\u00ed sestava byla vyvinuta spole\u010dnost\u00ed Wood K plus (Tulln). Nastaven\u00ed umo\u017e\u0148uje sou\u010dasn\u011b prov\u011b\u0159ovat \u0159ezn\u00e9 s\u00edly a deformace line\u00e1rn\u00edch \u0159ezn\u00fdch proces\u016f p\u0159i \u0159ezn\u00fdch rychlostech do 100 m \/ s. Proto je &#8222;n\u00e1stroj&#8220; (jedin\u00fd n\u016f\u017e) instalov\u00e1n na t\u0159\u00edrozm\u011brn\u00e9m senzoru s\u00edly, kter\u00fd je&#8230;<br \/><a class=\"read-more-button\" href=\"https:\/\/hardis.org\/?page_id=199\">\u010c\u00edst v\u00edce<\/a><\/p>\n","protected":false},"author":4,"featured_media":0,"parent":0,"menu_order":0,"comment_status":"closed","ping_status":"closed","template":"","meta":{"footnotes":""},"class_list":["post-199","page","type-page","status-publish","hentry"],"_links":{"self":[{"href":"https:\/\/hardis.org\/index.php?rest_route=\/wp\/v2\/pages\/199","targetHints":{"allow":["GET"]}}],"collection":[{"href":"https:\/\/hardis.org\/index.php?rest_route=\/wp\/v2\/pages"}],"about":[{"href":"https:\/\/hardis.org\/index.php?rest_route=\/wp\/v2\/types\/page"}],"author":[{"embeddable":true,"href":"https:\/\/hardis.org\/index.php?rest_route=\/wp\/v2\/users\/4"}],"replies":[{"embeddable":true,"href":"https:\/\/hardis.org\/index.php?rest_route=%2Fwp%2Fv2%2Fcomments&post=199"}],"version-history":[{"count":11,"href":"https:\/\/hardis.org\/index.php?rest_route=\/wp\/v2\/pages\/199\/revisions"}],"predecessor-version":[{"id":423,"href":"https:\/\/hardis.org\/index.php?rest_route=\/wp\/v2\/pages\/199\/revisions\/423"}],"wp:attachment":[{"href":"https:\/\/hardis.org\/index.php?rest_route=%2Fwp%2Fv2%2Fmedia&parent=199"}],"curies":[{"name":"wp","href":"https:\/\/api.w.org\/{rel}","templated":true}]}}